{"id":793,"date":"2018-08-30T18:54:39","date_gmt":"2018-08-30T21:54:39","guid":{"rendered":"https:\/\/ensrparaguay-for.infd.edu.ar\/sitio\/docentes\/"},"modified":"2018-12-10T19:31:50","modified_gmt":"2018-12-10T22:31:50","slug":"docentes","status":"publish","type":"page","link":"https:\/\/ensrparaguay-for.infd.edu.ar\/sitio\/docentes\/","title":{"rendered":"Docentes"},"content":{"rendered":"<p><span style=\"font-family: Arial; color: #cc6600; font-size: small;\"><img decoding=\"async\" style=\"color: #333333; font-family: Georgia, 'Times New Roman', 'Bitstream Charter', Times, serif; font-size: 16px;\" src=\"https:\/\/ensrparaguay-for.infd.edu.ar\/sitio\/wp-content\/uploads\/2018\/08\/lapiz_verde.gif\" alt=\"Vi\u00f1eta l\u00e1piz verde\" border=\"0\" \/><strong>\u00a0PROFESORADO DE EDUCACI\u00d3N PRIMARIA<\/strong><\/span><\/p>\n<table class=\"Borde_rojo\" style=\"text-align: left; height: 380px;\" border=\"0\" width=\"512\">\n<tbody>\n<tr>\n<td>\n<p style=\"text-align: center;\"><span style=\"font-family: comic sans ms,sans-serif;\"><span style=\"text-decoration: underline;\"><span style=\"font-size: small;\">UNIDAD CURRICULAR<\/span><\/span><\/span><\/p>\n<\/td>\n<td>\n<p style=\"text-align: center;\"><span style=\"font-family: comic sans ms,sans-serif;\"><span style=\"text-decoration: underline;\"><span style=\"font-size: small;\">DOCENTE\u00a0 <\/span><\/span><\/span><\/p>\n<\/td>\n<\/tr>\n<tr>\n<td><span style=\"font-family: arial black,avant garde; font-size: x-small;\"><strong>Lengua y Literatura<\/strong><\/span><\/td>\n<td><span style=\"font-family: arial black,avant garde; font-size: x-small;\">Prof. Oscar Williams Maciel<\/span><\/td>\n<\/tr>\n<tr>\n<td><span style=\"font-family: arial black,avant garde; font-size: x-small;\">Did\u00e1ctica de la Lengua y la literatura\u00a0<\/span><\/td>\n<td><span style=\"font-family: arial black,avant garde; font-size: x-small;\">Prof. Rogelia Liliana Invernizzi<\/span><\/td>\n<\/tr>\n<tr>\n<td><span style=\"font-family: arial black,avant garde; font-size: x-small;\">Ciencias Naturales I <\/span><\/p>\n<p><span style=\"font-family: arial black,avant garde; font-size: x-small;\">Ciencias Naturales II<\/span><\/td>\n<td><span style=\"font-family: arial black,avant garde; font-size: x-small;\">Prof. Gimenez Osvaldo <\/span><\/p>\n<p><span style=\"font-family: arial black,avant garde; font-size: x-small;\">Prof. Maher Abel<\/span><\/td>\n<\/tr>\n<tr>\n<td><span style=\"font-family: arial black,avant garde; font-size: x-small;\">Did\u00e1ctica\u00a0 de las ciencias Naturales<\/span><\/td>\n<td><span style=\"font-family: arial black,avant garde; font-size: x-small;\">Prof. Nora Ben\u00edtez Falc\u00f3n<\/span><\/p>\n<p><span style=\"font-family: arial black,avant garde; font-size: x-small;\">Prof. Lorena Nitzlnader<\/span><\/td>\n<\/tr>\n<tr>\n<td><span style=\"font-family: arial black,avant garde; font-size: x-small;\">Matem\u00e1tica<\/span><\/td>\n<td><span style=\"font-family: arial black,avant garde; font-size: x-small;\">Prof. Herrera Olga<\/span><\/td>\n<\/tr>\n<tr>\n<td><span style=\"font-family: arial black,avant garde; font-size: x-small;\">Did\u00e1ctica\u00a0 de la Matem\u00e1tica<\/span><\/td>\n<td><span style=\"font-family: arial black,avant garde; font-size: x-small;\">Prof. Alvarenga Elva<\/span><\/td>\n<\/tr>\n<tr>\n<td><span style=\"font-family: arial black,avant garde; font-size: x-small;\">Ciencias Sociales I <\/span><\/p>\n<p><span style=\"font-family: arial black,avant garde; font-size: x-small;\">Ciencia Sociales II<\/span><\/td>\n<td><span style=\"font-family: arial black,avant garde; font-size: x-small;\">Prof. Rodriguez Jorge <\/span><\/p>\n<p><span style=\"font-family: arial black,avant garde; font-size: x-small;\">Prof. Sanchez Patricia\u00a0<\/span><\/td>\n<\/tr>\n<tr>\n<td><span style=\"font-family: arial black,avant garde; font-size: x-small;\">Did\u00e1ctica\u00a0 de las Ciencias Sociales <\/span><\/td>\n<td><span style=\"font-family: arial black,avant garde; font-size: x-small;\">Prof. Gauna Ram\u00f3n\u00a0<\/span><\/td>\n<\/tr>\n<tr>\n<td><span style=\"font-family: arial black,avant garde; font-size: x-small;\">Sujeto del Aprendizaje<\/span><\/td>\n<td><span style=\"font-family: arial black,avant garde; font-size: x-small;\">Prof. Luna Tamara<\/span><\/td>\n<\/tr>\n<tr>\n<td><span style=\"font-family: arial black,avant garde; font-size: x-small;\">\u00a0<\/span><\/td>\n<td><span style=\"font-family: arial black,avant garde; font-size: x-small;\">\u00a0<\/span><\/td>\n<\/tr>\n<tr>\n<td><span style=\"font-size: x-small;\">\u00a0<\/span><\/td>\n<td><span style=\"font-size: x-small;\">\u00a0<\/span><\/td>\n<\/tr>\n<tr>\n<td><\/td>\n<td><\/td>\n<\/tr>\n<tr>\n<td><\/td>\n<td><\/td>\n<\/tr>\n<tr>\n<td><\/td>\n<td><\/td>\n<\/tr>\n<tr>\n<td><\/td>\n<td><\/td>\n<\/tr>\n<tr>\n<td><\/td>\n<td><\/td>\n<\/tr>\n<tr>\n<td><\/td>\n<td><\/td>\n<\/tr>\n<tr>\n<td><\/td>\n<td><\/td>\n<\/tr>\n<tr>\n<td><\/td>\n<td><\/td>\n<\/tr>\n<\/tbody>\n<\/table>\n<p><span style=\"font-family: Arial; color: #cc6600; font-size: small;\"><img decoding=\"async\" style=\"color: #333333; font-family: Georgia, 'Times New Roman', 'Bitstream Charter', Times, serif; font-size: 16px;\" src=\"https:\/\/ensrparaguay-for.infd.edu.ar\/sitio\/wp-content\/uploads\/2018\/08\/lapiz_verde.gif\" alt=\"Vi\u00f1eta l\u00e1piz verde\" border=\"0\" \/><strong>\u00a0PROFESORADO DE EDUCACI\u00d3N SECUNDARIA EN LENGUA Y LITERATURA<\/strong><\/span><\/p>\n","protected":false},"excerpt":{"rendered":"<p>\u00a0PROFESORADO DE EDUCACI\u00d3N PRIMARIA UNIDAD CURRICULAR DOCENTE\u00a0 Lengua y Literatura Prof. Oscar Williams Maciel Did\u00e1ctica de la Lengua y la literatura\u00a0 Prof. Rogelia Liliana Invernizzi Ciencias Naturales I Ciencias Naturales II Prof. Gimenez Osvaldo Prof. Maher Abel Did\u00e1ctica\u00a0 de las ciencias Naturales Prof. Nora Ben\u00edtez Falc\u00f3n Prof. Lorena Nitzlnader Matem\u00e1tica Prof. Herrera Olga Did\u00e1ctica\u00a0 de &#8230; <a title=\"Docentes\" class=\"read-more\" href=\"https:\/\/ensrparaguay-for.infd.edu.ar\/sitio\/docentes\/\" aria-label=\"More on Docentes\">[+]<\/a><\/p>\n","protected":false},"author":378,"featured_media":0,"parent":0,"menu_order":0,"comment_status":"closed","ping_status":"closed","template":"","meta":[],"acf":[],"_links":{"self":[{"href":"https:\/\/ensrparaguay-for.infd.edu.ar\/sitio\/wp-json\/wp\/v2\/pages\/793"}],"collection":[{"href":"https:\/\/ensrparaguay-for.infd.edu.ar\/sitio\/wp-json\/wp\/v2\/pages"}],"about":[{"href":"https:\/\/ensrparaguay-for.infd.edu.ar\/sitio\/wp-json\/wp\/v2\/types\/page"}],"author":[{"embeddable":true,"href":"https:\/\/ensrparaguay-for.infd.edu.ar\/sitio\/wp-json\/wp\/v2\/users\/378"}],"replies":[{"embeddable":true,"href":"https:\/\/ensrparaguay-for.infd.edu.ar\/sitio\/wp-json\/wp\/v2\/comments?post=793"}],"version-history":[{"count":2,"href":"https:\/\/ensrparaguay-for.infd.edu.ar\/sitio\/wp-json\/wp\/v2\/pages\/793\/revisions"}],"predecessor-version":[{"id":832,"href":"https:\/\/ensrparaguay-for.infd.edu.ar\/sitio\/wp-json\/wp\/v2\/pages\/793\/revisions\/832"}],"wp:attachment":[{"href":"https:\/\/ensrparaguay-for.infd.edu.ar\/sitio\/wp-json\/wp\/v2\/media?parent=793"}],"curies":[{"name":"wp","href":"https:\/\/api.w.org\/{rel}","templated":true}]}}